14 + 9))
11
Calculate -4 - -5 - (3 - 1) - -1.
0
(-6 - -7 - -4) + -5
0
Calculate -11 - ((4 - 24) + 4).
5
Evaluate 0 + -3 + (8 - 8) - -1.
-2
Evaluate (0 + 5 - (6 - 4)) + 0.
3
Calculate 3 - (14 - 14 - (-11 + 1)).
-7
What is (1 - 0) + -1 + 0 + -3?
-3
What is the value of 0 + (24 - 18) + -12 + -1?
-7
Calculate 4 + -7 + 5 + 2 + 4.
8
What is 1 + (0 + 3 - 4) - 6?
-6
9 + 0 - (15 + -8)
2
2 - -16 - (-85 - -96)
7
Evaluate -3 + (-6 - 0) + (-18 - -21).
-6
Evaluate -4 - (-1 - -5 - 3 - 3).
-2
Evaluate 3 + 6 - (2 + 1).
6
What is 1 + (3 - 13) + 9?
0
Calculate -10 + 12 + -17 + 12.
-3
Calculate (-7 - -4) + (-1 - -1 - 1).
-4
What is the value of 6 + (1 - (4 + 1 + -3))?
5
Evaluate -1 + 8 + (2 - 7).
2
Evaluate (0 - -5) + (5 - 8).
2
What is (-38 - -47) + -5 + 2?
6
Evaluate (-11 + 3 + 2 - 4) + 1.
-9
(1 - 0) + (-1 - (-3 + 6))
-3
Evaluate (-5 - (1 - -2)) + (11 - 11).
-8
Evaluate 12 + -20 - (-2 + -8).
2
What is 8 + -9 + 0 + 6?
5
Evaluate -3 + (2 - (4 + -2)).
-3
Evaluate -10 - (-9 + (-1 - -8)).
-8
Evaluate -2 + 11 + -9 - (-4 + 0).
4
-14 + 22 - (4 - -3)
1
What is the value of (-2 - (2 - 2)) + -4?
-6
What is 10 + 2 + -4 - -1 - 4?
5
What is the value of -3 + 5 + -11 + 7 + -6?
-8
Calculate -1 - ((1 - -3) + -5).
0
Calculate (20 - 17) + -1 + -3.
-1
What is -11 + (6 - -1) - 3?
-7
-2 + (0 - (0 + -3))
1
Evaluate 0 + (0 - 2) + 0 - -4.
2
Evaluate -12 + 4 - (-6 + 2) - 2.
-6
What is the value of (-4 - -2) + 1 + (0 - -4)?
3
5 - 0 - (-5 + (11 - 6))
5
(0 - 1) + -2 + (-445 - -456)
8
What is the value of -3 + 0 + 9 + 0?
6
Evaluate -1 - (3 + (0 - 2) + -2).
0
What is 17 - (21 + -10 - 2)?
8
Calculate 8 + 3 + (7 - 29) - -6.
-5
What is (0 - (3 + (1 - 3))) + 3?
2
What is 6 - (-13 - -8) - 5?
6
What is -2 + (4 - (4 + 0))?
-2
What is -3 + (-4 - -4) - 0?
-3
Evaluate 2 + 0 + -1 - (4 + -4).
1
5 + 4 + (-5 - 4)
0
What is (6 - (-5 - -9)) + 0 + 1?
3
What is the value of -4 - (0 - 8 - -7)?
-3
Calculate -2 + 1 - (-2 - (4 + -8)).
-3
Evaluate 1 + -1 + 2 + -2.
0
Calculate 11 - 8 - (-5 - -4).
4
What is the value of -9 - (-3 + 7 + -7)?
-6
Calculate (-1 - -16) + -48 + 38.
5
What is the value of (7 - -1) + -3 + -8 + 6?
3
What is the value of 15 + -11 - ((2 - 1) + -2)?
5
What is (-4 - (1 - 1)) + 0?
-4
Calculate 5 + 1 - 10 - 1 - 2.
-7
What is 6 - (13 - (3 + 3))?
-1
-21 + 20 - (1 + 0)
-2
Evaluate (1 - 1) + (-9 - -10).
1
Evaluate (0 - 2) + -6 + 3.
-5
Calculate -1 - 2 - (5 + -12).
4
What is (-1 - -4) + 13 + -11?
5
(1 - -7) + -6 + -9
-7
What is the value of 4 - (2 + -3 + 1)?
4
What is (2 - 0) + -2 - -1?
1
What is the value of (-5 - (-17 - -6)) + 0 + -4?
2
Evaluate -32 + 32 - (-3 + -4 + 0).
7
What is the value of 1 - (0 + 0) - -1?
2
Calculate (0 - (-12 - 0)) + -3.
9
-8 + (-8 - -5) + 18
7
What is (10 - 17) + (5 - 9 - -3)?
-8
Evaluate 6 + 0 + (3 - 4) + 0.
5
Evaluate 2 + -3 - 0 - -4.
3
Evaluate 17 + -12 - (-3 - -2 - -12).
-6
Evaluate (-4 - 7) + (4 - 1).
-8
What is 11 - (14 - 9) - (2 + 1)?
3
What is the value of -2 + 6 + -13 + 4?
-5
0 + -1 + (2 - -1) - 6
-4
10 - ((7 - 2) + 3)
2
Evaluate (-1 - (-2 + 3)) + -2.
-4
Evaluate (2 - 1) + 1 + (-277 - -273).
-2
What is 0 - (-2 - (1 + -1 + -4))?
-2
What is the value of 21 - 18 - (1 - (-1 + -4))?
-3
-1 - (-3 + 5) - (0 - 6)
3
What is -4 + 4 + -2 + -1 + -2?
-5
What is the value of 12 - 20 - (-4 + -5)?
1
Calculate (44 - 32) + 2 + -11.
3
What is the value of 3 - (-1 - (-10 - -7))?
1
Evaluate (-7 - -3) + 3 + -2.
-3
Calculate 15 + -3 + 0 + -16.
-4
Calculate 11 - (26 + -19 + 12).
-8
Calculate -4 + 0 - (-4 + 6 + -3).
-3
Calculate 1 - 1 - (4 - 10 - -6).
0
Evaluate -5 - (-4 + 5 + -8).
2
What is 3 - (1 + (2 - -1))?
-1
-8 + -9 - (-5 + -6)
-6
Calculate (6 - 1) + -4 - -4.
5
What is the value of 3 + -2 - (1 + 5) - -11?
6
What is -2 - (-1 - 2 - (35 - 31))?
5
Calculate 3 - 11 - -10 - -1.
3
Evaluate -3 - 0 - (-2 - (2 - 6)).
-5
What is -3 - (4 + -13 - -8)?
-2
What is 1 - ((-5 - -6) + -9) - 6?
3
What is the value of 4 - (4 + -4 + 7)?
-3
What is 7 + (-8 - (15 + -13))?
-3
Evaluate -2 + 5 - (1 + 8).
-6
Calculate 0 - 5 - (0 - (-1 + 2)).
-4
What is -3 - (-9 + 0 + 1)?
5
What is the value of (2 - 6) + 8 - 2?
2
What is the value of 9 - (-4 - (5 + -19))?
-1
(-87 - -79) + (5 + 1 - 1)
-3
What is -1 - (-8 - (1 + -3 + 0))?
5
What is the value of 1 - -8 - (15 - (6 + 8))?
8
What is -2 + (3 + -12 - -9)?
-2
Calculate 5 - ((-2 - -7) + -5).
5
Evaluate 4 + -2 - -1 - 3.
0
0 - (-1 + 6) - 0 - 1
-6
42 - 42 - (7 - 1)
-6
Evaluate -8 - -1 - (7 - -14 - 28).
0
Evaluate -79 - -80 - ((-3 - 3) + 1).
6
Evaluate -5 + (3 - -7) + -1 + 2.
6
Calculate 6 - (-2 - -5 - (-18 - -19)).
4
What is 6 + -10 + 0 - 4?
-8
What is the value of 0 + -8 - ((-1 - 4) + -5)?
2
What is the value of 6 + -3 + (-9 - -3)?
-3
What is (0 - (0 + 0)) + (2 - -3)?
5
What is the value of -5 - (-1 + 0 + (0 - 1))?
-3
Calculate (4 - 3 - 1) + 1.
1
Calculate (5 - 6) + (-1 - (1 + 0)).
-3
Evaluate 4 - (7 + -1 + 1).
-3
What is 6 + (4 - 0) + -13 + 10?
7
What is -1 - 0 - (0 - (1 - 4))?
-4
5 - 2 - (2 - -2)
-1
What is 1 - (-1 + (-5 - -1) - -5)?
1
(-4 - (-6 - -6 - -1)) + 10
5
Evaluate 12 - (7 - 1 - (-33 - -33)).
6
Calculate 1 + -6 - (4 - (9 - -7)).
7
Calculate 3 - 5 - (-3 - 2).
3
Evaluate (5 - 7) + 4 - -2.
4
Evaluate 14 + 1 - (-1 + 5) - 5.
6
What is the value of -1 + ((-1 - 1) + 3 - -5)?
5
What is the value of -1 - ((1 - 1) + (-1 - 0))?
0
What is the value of (-8 - -12) + (2 - 9) - -1?
-2
What is the value of -1 - (1 + (-4 - (-3 + -3)))?
-4
Evaluate (11 - 0) + -38 + 29.
2
What is -6 + (4 - 0) + -1 + -4?
-7
Calculate 7 + (-7 - 3 - -2) + -3.
-4
What is the value of (7 - 9) + 5 + 0 + 1?
4
What is the value of 9 + 0 + (-110 - -101)?
0
What is 0 + -7 + 9 - (0 + 4)?
-2
Evaluate -5 + -10 + (13 + -7 - -1).
-8
What is the value of 6 - 11 - (2 + -3) - -11?
7
What is the value of -4 - -6 - -7 - (-20 - -18)?
11
Calculate 4 - (3 + (8 + -2 - 4)).
-1
What is 5 - (-1 - (-11 + (1 - -5)))?
1
What is the value of -11 - (-2 + -10 - -5)?
-4
What is the value of -4 - (-3 + (2 - 0))?
-3
What is 6 - (12 + -3) - (-6 + 1)?
2
0 + 5 + 1 - 3
3
What is the value of 2 - (4 - 6) - (3 + 1)?
0
14 + (2 - 8) - 5
3
Evaluate -5 - (1 + 6 + -17).
5
-4 + 6 + -5 + 4
1
Evaluate (-5 - -1) + 1 + 3.
0
Evaluate 6 - (-12 - (-2 - 5) - -13).
-2
Calculate -5 - (-13 - -5) - 3.
0
What is the value of 5 + (3 - (-5 + 7 + 3))?
3
What is the value of (-16 - 0) + 4 + 10?
-2
27 - 30 - (0 - 1)
-2
Evaluate (-5 + 3 - -6) + -5.
-1
Evaluate -3 + 0 + 1 - -3.
1
-3 + (11 - (-2 - -9))
1
Calculate 4 + 8 - (-13 + 16).
9
Evaluate -2 - (3 + -1 - (28 + -27)).
-3
What is the value of 5 + 0 + -1 + -3 - -1?
2
What is the value of 4 - 0 - (5 + 1)?
-2
What is (0 - 0) + (0 - (0 + 2))?
-2
What is the value of 2 + (4 - 4) + -2?
0
Calculate -4 + (-3 - 0 - -2).
-5
What is the value of (1 - -1) + (8 - 3) + -7?
0
What is 190 + -193 - (-4 - -1)?
0
What is 20 + -9 + -9 + 0?
2
Evaluate (8 - 0) + (1 - -4) + -10.
3
Evaluate -1 + 5 - (6 + -2).
0
Calculate 0 + 4 + -12 - -12.
4
What is 22 + -23 - (3 + -5)?
1
2 + -13 + 3 + (-1 - -5)
-4
Evaluate (-5 - (-7 + -4)) + -1.
5
-1 - -2 - ((8 - 5) + -3)
1
What is 12 + -7 - (-1 + 6)?
0
What is -2 + -8 + (3 - -3) + 5?
1
What is -9 + 7 - (-1 + 2)?
-3
What is the value of 3 - (23 - 13 - 16)?
9
What is 7 - 3 - -11 - 26?
-11
What is -5 + (5 - 3) - -5?
2
Evaluate 1 + -11 + 18 + 0.
8
What is 4 - (0 - 2 - (-4 + 3))?
5
0 - -10 - (11 - -5)
-6
What is 0 - ((5 - (1 - -2)) + -3)?
1
Evaluate (20 - 1 - 9) + -3.
7
What is the value of 2 - -1 - (-3 + 4) - 3?
-1
What is the value of 7 + 2 + -7 + -3?
-1
Calculate 35 + -34 + (-4 - -1).
-2
Calculate -10 + 5 - (-8 - -2).
1
Evaluate (1 - 3) + (-10 + 17 - 1).
4
What is the value of -8 + (7 - ((3 - 2) + 3))?
-5
-1 + 7 + (-3 - 6)
-3
Evaluate 17 - (19 - (25 + -12)).
11
What is -10 + 8 - (-1 - 6)?
5
Calculate -9 + 12 - (2 + 4).
-3
Calculate -1 + -2 + 8 + 14 + -22.
-3
Evaluate 0 + 4 - (-35 - -38).
1
Evaluate 5 + 0 + 3 + -7.
1
7 + -3 + 10 + -5
9
Evaluate -10 - (-7 + 0) - 1.
-4
What is 0 + -8 - (2 - 6)?
-4
Calculate -4 + -1 - (0 + (4 - 6)).
-3
3 + (-9 - 1) - (-19 + 16)
-4
-5 + 1 + 2 + 7 + -1
4
What is the value of (6 - 14) + (10 - 3)?
-1
What is -3 + -1 + -13 + 22 - 3?
2
What is the value of -4 + (0 - -12) + -6?
2
(2 - 1) + (-2 + -1 - -4)
2
Calculate 1 + -2 + -1 - -4.
2
Evaluate -28 + 13 - -18 - (-1 - -4).
0
Calculate (-8 - 0) + -44 + 55.
3
-2 + 2 - (-2 - -1)
1
Evaluate -2 - (-3 + 5 - 6).
2
Evaluate 6 - ((-4 - -2) +